{"id":423,"date":"2025-10-04T18:06:30","date_gmt":"2025-10-04T16:06:30","guid":{"rendered":"http:\/\/staropolskamiodziarnia.pl\/?page_id=423"},"modified":"2026-04-21T08:29:14","modified_gmt":"2026-04-21T06:29:14","slug":"matki-pszczele","status":"publish","type":"page","link":"http:\/\/staropolskamiodziarnia.pl\/?page_id=423","title":{"rendered":"Matki pszczele"},"content":{"rendered":"\n<p class=\"has-text-align-center has-large-font-size\"><strong>KRAINKA HINDERHOFER<\/strong><\/p>\n\n\n\n<p class=\"has-text-align-center\">kontakt do hodowcy: Ma\u0142gorzata Chabowska 725 725 028<\/p>\n\n\n\n<hr class=\"wp-block-separator has-alpha-channel-opacity\"\/>\n\n\n\n<p class=\"has-text-align-center has-medium-font-size\">Wyb\u00f3r odpowiedniej matki to fundament sukcesu ka\u017cdego pszczelarza. Nasza hodowla specjalizuje si\u0119 w rasie Krainka Hinderhofer, kt\u00f3ra jest ceniona za swoj\u0105 wyj\u0105tkow\u0105 wydajno\u015b\u0107 i \u0142agodne usposobienie.<\/p>\n\n\n\n<figure class=\"wp-block-gallery has-nested-images columns-default is-cropped wp-block-gallery-1 is-layout-flex wp-block-gallery-is-layout-flex\">\n<figure class=\"wp-block-image size-large\"><img fetchpriority=\"high\" decoding=\"async\" width=\"504\" height=\"674\" data-id=\"578\" src=\"http:\/\/staropolskamiodziarnia.pl\/wp-content\/uploads\/2026\/03\/103.gif\" alt=\"\" class=\"wp-image-578\"\/><\/figure>\n\n\n\n<figure class=\"wp-block-image size-large\"><img decoding=\"async\" width=\"504\" height=\"674\" data-id=\"577\" src=\"http:\/\/staropolskamiodziarnia.pl\/wp-content\/uploads\/2026\/03\/102.gif\" alt=\"\" class=\"wp-image-577\"\/><\/figure>\n<\/figure>\n\n\n\n<hr class=\"wp-block-separator has-alpha-channel-opacity\"\/>\n\n\n\n<p class=\"has-medium-font-size\">Oferujemy matki pszczele nieunasiennione jednodni\u00f3wki oraz matki naturalnie unasiennione na naszej pasiece. Prowadzimy kameraln\u0105 hodowl\u0119 skierowan\u0105 na wysokiej jako\u015bci materia\u0142 hodowlany. Od kilkunastu lat utrzymujemy i selekcjonujemy jedn\u0105 lini\u0119 pszcz\u00f3\u0142, kt\u00f3ra daje nam wysoki komfort pracy z pszczo\u0142ami oraz ponadprzeci\u0119tn\u0105 ilo\u015b\u0107 odbieranego miodu. Staramy si\u0119 dba\u0107 o czysto\u015b\u0107 genetyczn\u0105 tej linii. Ca\u0142a nasza pasieka produkcyjna 140 rodzin pszczelich pracuje tylko na matkach linii Hinderhofer. <\/p>\n\n\n\n<p class=\"has-text-align-center has-medium-font-size\"><strong>SELEKCJA NAJLEPSZEGO MATERIA\u0141U TO GWARANCJA SPOKOJNEJ PRACY<\/strong><\/p>\n\n\n\n<p class=\"has-medium-font-size\">Bazujemy na matkach reprodukcyjnych pochodz\u0105cych z Niemiec gdzie linia CAR Hinderhofer jest selekcjonowana od ponad 60 lat. Co roku uzupe\u0142niamy materia\u0142 reprodukcyjny o kolejne matki reprodukcyjne. Prowadzimy selekcj\u0119 i ocen\u0119 pokole\u0144 matek u\u017cytkowych. Do sprzeda\u017cy kierujemy materia\u0142 od matek reprodukcyjnych dopiero w drugim i trzecim roku od oceny. W sezonie pszczelarskim prowadzimy hodowl\u0119 w cyklu co dwa dni tzn. co drugi dzie\u0144 s\u0105 dost\u0119pne nowe matki jednodni\u00f3wki. Serdecznie zapraszamy pszczelarzy do osobistego odbioru matek.<\/p>\n\n\n\n<p class=\"has-text-align-center has-medium-font-size\">Pasieka hodowlana Staropolska Miodziarnia, \u015awieszewo 64, 72-300 Gryfice<\/p>\n\n\n\n<p class=\"has-text-align-center has-medium-font-size\">kontakt do hodowcy: Ma\u0142gorzata Chabowska 725 725 028<\/p>\n\n\n\n<figure class=\"wp-block-image size-large\"><img decoding=\"async\" width=\"1024\" height=\"597\" src=\"http:\/\/staropolskamiodziarnia.pl\/wp-content\/uploads\/2025\/10\/1-1024x597.gif\" alt=\"\" class=\"wp-image-396\" srcset=\"http:\/\/staropolskamiodziarnia.pl\/wp-content\/uploads\/2025\/10\/1-1024x597.gif 1024w, http:\/\/staropolskamiodziarnia.pl\/wp-content\/uploads\/2025\/10\/1-300x175.gif 300w, http:\/\/staropolskamiodziarnia.pl\/wp-content\/uploads\/2025\/10\/1-768x448.gif 768w, http:\/\/staropolskamiodziarnia.pl\/wp-content\/uploads\/2025\/10\/1-600x350.gif 600w\" sizes=\"(max-width: 1024px) 100vw, 1024px\" \/><\/figure>\n\n\n\n<p class=\"has-text-align-center has-medium-font-size\"><strong>BEZPIECZNA WYSY\u0141KA <\/strong><\/p>\n\n\n\n<p class=\"has-text-align-center has-medium-font-size\">Prowadzimy wysy\u0142k\u0119 matek za po\u015brednictwem Poczty Polskiej.<\/p>\n\n\n\n<p class=\"has-text-align-center has-medium-font-size\">Bezpieczna przesy\u0142ka z oznaczeniem &#8220;Uwaga \u017cywe pszczo\u0142y&#8221; . <\/p>\n\n\n\n<p class=\"has-text-align-center has-medium-font-size\">Wysy\u0142amy od poniedzia\u0142ku do czwartku. Koszt przesy\u0142ki 25 z\u0142.<\/p>\n\n\n\n<figure class=\"wp-block-image size-large\"><img loading=\"lazy\" decoding=\"async\" width=\"1024\" height=\"79\" src=\"http:\/\/staropolskamiodziarnia.pl\/wp-content\/uploads\/2026\/03\/slajd-waki-1024x79.jpg\" alt=\"\" class=\"wp-image-585\" srcset=\"http:\/\/staropolskamiodziarnia.pl\/wp-content\/uploads\/2026\/03\/slajd-waki-1024x79.jpg 1024w, http:\/\/staropolskamiodziarnia.pl\/wp-content\/uploads\/2026\/03\/slajd-waki-300x23.jpg 300w, http:\/\/staropolskamiodziarnia.pl\/wp-content\/uploads\/2026\/03\/slajd-waki-768x59.jpg 768w, http:\/\/staropolskamiodziarnia.pl\/wp-content\/uploads\/2026\/03\/slajd-waki-600x46.jpg 600w, http:\/\/staropolskamiodziarnia.pl\/wp-content\/uploads\/2026\/03\/slajd-waki.jpg 1300w\" sizes=\"(max-width: 1024px) 100vw, 1024px\" \/><\/figure>\n\n\n\n<p class=\"has-text-align-center has-medium-font-size\">Matka nieunasienniona 30 z\u0142.<\/p>\n\n\n\n<p class=\"has-text-align-center has-medium-font-size\">Matka unasienniona naturalnie 100 z\u0142.<\/p>\n\n\n\n<p class=\"has-text-align-center has-large-font-size\">Zapraszamy do wsp\u00f3\u0142pracy wszystkich pszczelarzy. <\/p>\n\n\n\n<figure class=\"wp-block-image size-large\"><img loading=\"lazy\" decoding=\"async\" width=\"1024\" height=\"236\" src=\"http:\/\/staropolskamiodziarnia.pl\/wp-content\/uploads\/2026\/03\/slajd-4-1024x236.jpg\" alt=\"\" class=\"wp-image-582\" srcset=\"http:\/\/staropolskamiodziarnia.pl\/wp-content\/uploads\/2026\/03\/slajd-4-1024x236.jpg 1024w, http:\/\/staropolskamiodziarnia.pl\/wp-content\/uploads\/2026\/03\/slajd-4-300x69.jpg 300w, http:\/\/staropolskamiodziarnia.pl\/wp-content\/uploads\/2026\/03\/slajd-4-768x177.jpg 768w, http:\/\/staropolskamiodziarnia.pl\/wp-content\/uploads\/2026\/03\/slajd-4-600x138.jpg 600w, http:\/\/staropolskamiodziarnia.pl\/wp-content\/uploads\/2026\/03\/slajd-4.jpg 1300w\" sizes=\"(max-width: 1024px) 100vw, 1024px\" \/><\/figure>\n\n\n\n<p class=\"has-text-align-center has-large-font-size\">UDANEGO SEZONU PSZCZELARSKIEGO !!!<\/p>\n\n\n\n<p><\/p>\n","protected":false},"excerpt":{"rendered":"<p>KRAINKA HINDERHOFER kontakt do hodowcy: Ma\u0142gorzata Chabowska 725 725 028 Wyb\u00f3r odpowiedniej matki to fundament sukcesu ka\u017cdego pszczelarza. Nasza hodowla specjalizuje si\u0119 w rasie Krainka Hinderhofer, kt\u00f3ra jest ceniona za swoj\u0105 wyj\u0105tkow\u0105 wydajno\u015b\u0107 i \u0142agodne usposobienie. Oferujemy matki pszczele nieunasiennione jednodni\u00f3wki oraz matki naturalnie unasiennione na naszej pasiece. Prowadzimy kameraln\u0105 hodowl\u0119 skierowan\u0105 na wysokiej jako\u015bci [&hellip;]<\/p>\n","protected":false},"author":1,"featured_media":0,"parent":0,"menu_order":0,"comment_status":"closed","ping_status":"closed","template":"","meta":{"footnotes":""},"class_list":["post-423","page","type-page","status-publish","hentry","entry","owp-thumbs-layout-horizontal","owp-btn-big","owp-tabs-layout-horizontal","has-no-thumbnails","has-product-nav"],"_links":{"self":[{"href":"http:\/\/staropolskamiodziarnia.pl\/index.php?rest_route=\/wp\/v2\/pages\/423","targetHints":{"allow":["GET"]}}],"collection":[{"href":"http:\/\/staropolskamiodziarnia.pl\/index.php?rest_route=\/wp\/v2\/pages"}],"about":[{"href":"http:\/\/staropolskamiodziarnia.pl\/index.php?rest_route=\/wp\/v2\/types\/page"}],"author":[{"embeddable":true,"href":"http:\/\/staropolskamiodziarnia.pl\/index.php?rest_route=\/wp\/v2\/users\/1"}],"replies":[{"embeddable":true,"href":"http:\/\/staropolskamiodziarnia.pl\/index.php?rest_route=%2Fwp%2Fv2%2Fcomments&post=423"}],"version-history":[{"count":29,"href":"http:\/\/staropolskamiodziarnia.pl\/index.php?rest_route=\/wp\/v2\/pages\/423\/revisions"}],"predecessor-version":[{"id":633,"href":"http:\/\/staropolskamiodziarnia.pl\/index.php?rest_route=\/wp\/v2\/pages\/423\/revisions\/633"}],"wp:attachment":[{"href":"http:\/\/staropolskamiodziarnia.pl\/index.php?rest_route=%2Fwp%2Fv2%2Fmedia&parent=423"}],"curies":[{"name":"wp","href":"https:\/\/api.w.org\/{rel}","templated":true}]}}